{"id":873,"date":"2014-08-07T00:05:31","date_gmt":"2014-08-06T21:05:31","guid":{"rendered":"https:\/\/www.marearca.com\/\/shop\/product\/kaappi-6-laatikolla\/"},"modified":"2022-12-31T15:29:37","modified_gmt":"2022-12-31T13:29:37","slug":"kaappi-6-laatikolla","status":"publish","type":"product","link":"https:\/\/www.marearca.com\/fi\/toode\/kaappi-6-laatikolla\/","title":{"rendered":"Vaatekaappi Margareta"},"content":{"rendered":"<p><span style=\"font-weight: inherit; font-style: inherit; color: #141412;\">Vaatekaappi on t\u00e4ytt\u00e4 puuta. Valmistettu koivusta ja terv\u00e4lep\u00e4st\u00e4. Maalattu k\u00e4sin, Akzo Nobel konsernin vesiohenteisella maalilla. Maalin s\u00e4vy puhdas valkoinen.<\/span><\/p>\n<p><span style=\"font-weight: inherit; font-style: inherit; color: #141412;\">Tilauksesta maalaamme my\u00f6s asiakkaan toiveiden mukaan, kuluneen valkoista, eris\u00e4vyill\u00e4, vahalla, \u00f6ljyll\u00e4.<\/span><\/p>\n<p style=\"color: #141412;\">Yl\u00e4kaapissa tanko tai hyllyt 2 kpl.<\/p>\n<p style=\"color: #141412;\">My\u00f6s yl\u00e4kruunu ja sorvatut nupit laitamme maksua vastaan hinta 130 eur.<\/p>\n<p style=\"color: #141412;\">Maksutapa tilisiirto tai k\u00e4teinen, maksat vasta sitten kun kaappi on toimitettu kotiisi!<\/p>\n<p style=\"color: #141412;\">Jos et l\u00f6yt\u00e4nyt haluamaasi tuotetta valikoimastamme,<br \/>\nota meihin yhteytt\u00e4 ja kerro mink\u00e4laista huonekalua tarvitset.<br \/>\nJa me valmistamme juuri sinulle sopiivan tuoteen.<\/p>\n<p>Kaapin toimittaja on kuljetusliike, toimitus <span style=\"font-weight: inherit; font-style: inherit;\">asiakkaan<\/span> pihalle asti. Hinta ymp\u00e4ri manner Suomea 120 eur.<\/p>\n<p>Sis\u00e4llekanto on sovittava erikseen kuljetusliikeen kanssa.<\/p>\n","protected":false},"excerpt":{"rendered":"<p>Perinteinen vaatekaappi tehty mestariteokseksi.<\/p>\n<p>Laadukasta koivu- ja lepp\u00e4puuta ja k\u00e4sink\u00e4sittely.<\/p>\n<p>Laatikot ja kaapin runko on yhdistetty vahvalla lohenpyrst\u00f6liitoksella.<\/p>\n<p>&nbsp;<\/p>\n","protected":false},"featured_media":11879,"template":"","meta":[],"product_brand":[],"product_cat":[171],"product_tag":[],"class_list":{"0":"post-873","1":"product","2":"type-product","3":"status-publish","4":"has-post-thumbnail","6":"product_cat-vaatekaapit","7":"pa_color-kulutetun-valkoinen","8":"pa_color-naturaalne-puit-fi","9":"pa_color-olitatud-fi","10":"pa_color-peitsitud-fi","11":"pa_color-poolmatt-valge-fi","12":"pa_color-vahatatud-fi","13":"pa_woo-korgus-197-cm","14":"pa_woo-laius-138-cm","15":"pa_woo-sygavus-54-cm","17":"first","18":"instock","19":"purchasable","20":"product-type-simple"},"etheme_brands":{"errors":{"invalid_taxonomy":["V\u00e4\u00e4r\u00e4 taksonomia."]},"error_data":[]},"yoast_head":"<!-- This site is optimized with the Yoast SEO plugin v27.5 - https:\/\/yoast.com\/product\/yoast-seo-wordpress\/ -->\n<title>Vaatekaappi Margareta - Marearca<\/title>\n<meta name=\"robots\" content=\"index, follow, max-snippet:-1, max-image-preview:large, max-video-preview:-1\" \/>\n<link rel=\"canonical\" href=\"https:\/\/www.marearca.com\/fi\/toode\/kaappi-6-laatikolla\/\" \/>\n<meta property=\"og:locale\" content=\"fi_FI\" \/>\n<meta property=\"og:type\" content=\"article\" \/>\n<meta property=\"og:title\" content=\"Vaatekaappi Margareta - Marearca\" \/>\n<meta property=\"og:description\" content=\"Perinteinen vaatekaappi tehty mestariteokseksi.  Laadukasta koivu- ja lepp\u00e4puuta ja k\u00e4sink\u00e4sittely.  Laatikot ja kaapin runko on yhdistetty vahvalla lohenpyrst\u00f6liitoksella.    &nbsp;\" \/>\n<meta property=\"og:url\" content=\"https:\/\/www.marearca.com\/fi\/toode\/kaappi-6-laatikolla\/\" \/>\n<meta property=\"og:site_name\" content=\"Marearca\" \/>\n<meta property=\"article:publisher\" content=\"https:\/\/www.facebook.com\/marearca\/\" \/>\n<meta property=\"article:modified_time\" content=\"2022-12-31T13:29:37+00:00\" \/>\n<meta property=\"og:image\" content=\"https:\/\/www.marearca.com\/wp-content\/uploads\/2014\/08\/6-sahtliga-kapp.png\" \/>\n\t<meta property=\"og:image:width\" content=\"367\" \/>\n\t<meta property=\"og:image:height\" content=\"568\" \/>\n\t<meta property=\"og:image:type\" content=\"image\/png\" \/>\n<meta name=\"twitter:card\" content=\"summary_large_image\" \/>\n<meta name=\"twitter:label1\" content=\"Arvioitu lukuaika\" \/>\n\t<meta name=\"twitter:data1\" content=\"1 minuutti\" \/>\n<script type=\"application\/ld+json\" class=\"yoast-schema-graph\">{\"@context\":\"https:\\\/\\\/schema.org\",\"@graph\":[{\"@type\":\"WebPage\",\"@id\":\"https:\\\/\\\/www.marearca.com\\\/fi\\\/toode\\\/kaappi-6-laatikolla\\\/\",\"url\":\"https:\\\/\\\/www.marearca.com\\\/fi\\\/toode\\\/kaappi-6-laatikolla\\\/\",\"name\":\"Vaatekaappi Margareta - Marearca\",\"isPartOf\":{\"@id\":\"https:\\\/\\\/www.marearca.com\\\/fi\\\/#website\"},\"primaryImageOfPage\":{\"@id\":\"https:\\\/\\\/www.marearca.com\\\/fi\\\/toode\\\/kaappi-6-laatikolla\\\/#primaryimage\"},\"image\":{\"@id\":\"https:\\\/\\\/www.marearca.com\\\/fi\\\/toode\\\/kaappi-6-laatikolla\\\/#primaryimage\"},\"thumbnailUrl\":\"https:\\\/\\\/www.marearca.com\\\/wp-content\\\/uploads\\\/2014\\\/08\\\/6-sahtliga-kapp.png\",\"datePublished\":\"2014-08-06T21:05:31+00:00\",\"dateModified\":\"2022-12-31T13:29:37+00:00\",\"breadcrumb\":{\"@id\":\"https:\\\/\\\/www.marearca.com\\\/fi\\\/toode\\\/kaappi-6-laatikolla\\\/#breadcrumb\"},\"inLanguage\":\"fi\",\"potentialAction\":[{\"@type\":\"ReadAction\",\"target\":[\"https:\\\/\\\/www.marearca.com\\\/fi\\\/toode\\\/kaappi-6-laatikolla\\\/\"]}]},{\"@type\":\"ImageObject\",\"inLanguage\":\"fi\",\"@id\":\"https:\\\/\\\/www.marearca.com\\\/fi\\\/toode\\\/kaappi-6-laatikolla\\\/#primaryimage\",\"url\":\"https:\\\/\\\/www.marearca.com\\\/wp-content\\\/uploads\\\/2014\\\/08\\\/6-sahtliga-kapp.png\",\"contentUrl\":\"https:\\\/\\\/www.marearca.com\\\/wp-content\\\/uploads\\\/2014\\\/08\\\/6-sahtliga-kapp.png\",\"width\":367,\"height\":568},{\"@type\":\"BreadcrumbList\",\"@id\":\"https:\\\/\\\/www.marearca.com\\\/fi\\\/toode\\\/kaappi-6-laatikolla\\\/#breadcrumb\",\"itemListElement\":[{\"@type\":\"ListItem\",\"position\":1,\"name\":\"Home\",\"item\":\"https:\\\/\\\/www.marearca.com\\\/fi\\\/\"},{\"@type\":\"ListItem\",\"position\":2,\"name\":\"Tuotteet\",\"item\":\"https:\\\/\\\/www.marearca.com\\\/fi\\\/tuotteet\\\/\"},{\"@type\":\"ListItem\",\"position\":3,\"name\":\"Vaatekaappi Margareta\"}]},{\"@type\":\"WebSite\",\"@id\":\"https:\\\/\\\/www.marearca.com\\\/fi\\\/#website\",\"url\":\"https:\\\/\\\/www.marearca.com\\\/fi\\\/\",\"name\":\"Marearca\",\"description\":\"arendus 2020\",\"publisher\":{\"@id\":\"https:\\\/\\\/www.marearca.com\\\/fi\\\/#organization\"},\"potentialAction\":[{\"@type\":\"SearchAction\",\"target\":{\"@type\":\"EntryPoint\",\"urlTemplate\":\"https:\\\/\\\/www.marearca.com\\\/fi\\\/?s={search_term_string}\"},\"query-input\":{\"@type\":\"PropertyValueSpecification\",\"valueRequired\":true,\"valueName\":\"search_term_string\"}}],\"inLanguage\":\"fi\"},{\"@type\":\"Organization\",\"@id\":\"https:\\\/\\\/www.marearca.com\\\/fi\\\/#organization\",\"name\":\"Marearca\",\"url\":\"https:\\\/\\\/www.marearca.com\\\/fi\\\/\",\"logo\":{\"@type\":\"ImageObject\",\"inLanguage\":\"fi\",\"@id\":\"https:\\\/\\\/www.marearca.com\\\/fi\\\/#\\\/schema\\\/logo\\\/image\\\/\",\"url\":\"https:\\\/\\\/www.marearca.com\\\/wp-content\\\/uploads\\\/2021\\\/09\\\/site-logo.png\",\"contentUrl\":\"https:\\\/\\\/www.marearca.com\\\/wp-content\\\/uploads\\\/2021\\\/09\\\/site-logo.png\",\"width\":380,\"height\":380,\"caption\":\"Marearca\"},\"image\":{\"@id\":\"https:\\\/\\\/www.marearca.com\\\/fi\\\/#\\\/schema\\\/logo\\\/image\\\/\"},\"sameAs\":[\"https:\\\/\\\/www.facebook.com\\\/marearca\\\/\"]}]}<\/script>\n<!-- \/ Yoast SEO plugin. -->","yoast_head_json":{"title":"Vaatekaappi Margareta - Marearca","robots":{"index":"index","follow":"follow","max-snippet":"max-snippet:-1","max-image-preview":"max-image-preview:large","max-video-preview":"max-video-preview:-1"},"canonical":"https:\/\/www.marearca.com\/fi\/toode\/kaappi-6-laatikolla\/","og_locale":"fi_FI","og_type":"article","og_title":"Vaatekaappi Margareta - Marearca","og_description":"Perinteinen vaatekaappi tehty mestariteokseksi.  Laadukasta koivu- ja lepp\u00e4puuta ja k\u00e4sink\u00e4sittely.  Laatikot ja kaapin runko on yhdistetty vahvalla lohenpyrst\u00f6liitoksella.    &nbsp;","og_url":"https:\/\/www.marearca.com\/fi\/toode\/kaappi-6-laatikolla\/","og_site_name":"Marearca","article_publisher":"https:\/\/www.facebook.com\/marearca\/","article_modified_time":"2022-12-31T13:29:37+00:00","og_image":[{"width":367,"height":568,"url":"https:\/\/www.marearca.com\/wp-content\/uploads\/2014\/08\/6-sahtliga-kapp.png","type":"image\/png"}],"twitter_card":"summary_large_image","twitter_misc":{"Arvioitu lukuaika":"1 minuutti"},"schema":{"@context":"https:\/\/schema.org","@graph":[{"@type":"WebPage","@id":"https:\/\/www.marearca.com\/fi\/toode\/kaappi-6-laatikolla\/","url":"https:\/\/www.marearca.com\/fi\/toode\/kaappi-6-laatikolla\/","name":"Vaatekaappi Margareta - Marearca","isPartOf":{"@id":"https:\/\/www.marearca.com\/fi\/#website"},"primaryImageOfPage":{"@id":"https:\/\/www.marearca.com\/fi\/toode\/kaappi-6-laatikolla\/#primaryimage"},"image":{"@id":"https:\/\/www.marearca.com\/fi\/toode\/kaappi-6-laatikolla\/#primaryimage"},"thumbnailUrl":"https:\/\/www.marearca.com\/wp-content\/uploads\/2014\/08\/6-sahtliga-kapp.png","datePublished":"2014-08-06T21:05:31+00:00","dateModified":"2022-12-31T13:29:37+00:00","breadcrumb":{"@id":"https:\/\/www.marearca.com\/fi\/toode\/kaappi-6-laatikolla\/#breadcrumb"},"inLanguage":"fi","potentialAction":[{"@type":"ReadAction","target":["https:\/\/www.marearca.com\/fi\/toode\/kaappi-6-laatikolla\/"]}]},{"@type":"ImageObject","inLanguage":"fi","@id":"https:\/\/www.marearca.com\/fi\/toode\/kaappi-6-laatikolla\/#primaryimage","url":"https:\/\/www.marearca.com\/wp-content\/uploads\/2014\/08\/6-sahtliga-kapp.png","contentUrl":"https:\/\/www.marearca.com\/wp-content\/uploads\/2014\/08\/6-sahtliga-kapp.png","width":367,"height":568},{"@type":"BreadcrumbList","@id":"https:\/\/www.marearca.com\/fi\/toode\/kaappi-6-laatikolla\/#breadcrumb","itemListElement":[{"@type":"ListItem","position":1,"name":"Home","item":"https:\/\/www.marearca.com\/fi\/"},{"@type":"ListItem","position":2,"name":"Tuotteet","item":"https:\/\/www.marearca.com\/fi\/tuotteet\/"},{"@type":"ListItem","position":3,"name":"Vaatekaappi Margareta"}]},{"@type":"WebSite","@id":"https:\/\/www.marearca.com\/fi\/#website","url":"https:\/\/www.marearca.com\/fi\/","name":"Marearca","description":"arendus 2020","publisher":{"@id":"https:\/\/www.marearca.com\/fi\/#organization"},"potentialAction":[{"@type":"SearchAction","target":{"@type":"EntryPoint","urlTemplate":"https:\/\/www.marearca.com\/fi\/?s={search_term_string}"},"query-input":{"@type":"PropertyValueSpecification","valueRequired":true,"valueName":"search_term_string"}}],"inLanguage":"fi"},{"@type":"Organization","@id":"https:\/\/www.marearca.com\/fi\/#organization","name":"Marearca","url":"https:\/\/www.marearca.com\/fi\/","logo":{"@type":"ImageObject","inLanguage":"fi","@id":"https:\/\/www.marearca.com\/fi\/#\/schema\/logo\/image\/","url":"https:\/\/www.marearca.com\/wp-content\/uploads\/2021\/09\/site-logo.png","contentUrl":"https:\/\/www.marearca.com\/wp-content\/uploads\/2021\/09\/site-logo.png","width":380,"height":380,"caption":"Marearca"},"image":{"@id":"https:\/\/www.marearca.com\/fi\/#\/schema\/logo\/image\/"},"sameAs":["https:\/\/www.facebook.com\/marearca\/"]}]}},"_links":{"self":[{"href":"https:\/\/www.marearca.com\/fi\/wp-json\/wp\/v2\/product\/873","targetHints":{"allow":["GET"]}}],"collection":[{"href":"https:\/\/www.marearca.com\/fi\/wp-json\/wp\/v2\/product"}],"about":[{"href":"https:\/\/www.marearca.com\/fi\/wp-json\/wp\/v2\/types\/product"}],"wp:featuredmedia":[{"embeddable":true,"href":"https:\/\/www.marearca.com\/fi\/wp-json\/wp\/v2\/media\/11879"}],"wp:attachment":[{"href":"https:\/\/www.marearca.com\/fi\/wp-json\/wp\/v2\/media?parent=873"}],"wp:term":[{"taxonomy":"product_brand","embeddable":true,"href":"https:\/\/www.marearca.com\/fi\/wp-json\/wp\/v2\/product_brand?post=873"},{"taxonomy":"product_cat","embeddable":true,"href":"https:\/\/www.marearca.com\/fi\/wp-json\/wp\/v2\/product_cat?post=873"},{"taxonomy":"product_tag","embeddable":true,"href":"https:\/\/www.marearca.com\/fi\/wp-json\/wp\/v2\/product_tag?post=873"}],"curies":[{"name":"wp","href":"https:\/\/api.w.org\/{rel}","templated":true}]}}

<p><span style="font-weight: inherit; font-style: inherit; color: #141412;">Vaatekaappi on täyttä puuta. Valmistettu koivusta ja tervälepästä. Maalattu käsin, Akzo Nobel konsernin vesiohenteisella maalilla. Maalin sävy puhdas valkoinen.</span></p>
<p><span style="font-weight: inherit; font-style: inherit; color: #141412;">Tilauksesta maalaamme myös asiakkaan toiveiden mukaan, kuluneen valkoista, erisävyillä, vahalla, öljyllä.</span></p>
<p style="color: #141412;">Yläkaapissa tanko tai hyllyt 2 kpl.</p>
<p style="color: #141412;">Myös yläkruunu ja sorvatut nupit laitamme maksua vastaan hinta 130 eur.</p>
<p style="color: #141412;">Maksutapa tilisiirto tai käteinen, maksat vasta sitten kun kaappi on toimitettu kotiisi!</p>
<p style="color: #141412;">Jos et löytänyt haluamaasi tuotetta valikoimastamme,<br />
ota meihin yhteyttä ja kerro minkälaista huonekalua tarvitset.<br />
Ja me valmistamme juuri sinulle sopiivan tuoteen.</p>
<p>Kaapin toimittaja on kuljetusliike, toimitus <span style="font-weight: inherit; font-style: inherit;">asiakkaan</span> pihalle asti. Hinta ympäri manner Suomea 120 eur.</p>
<p>Sisällekanto on sovittava erikseen kuljetusliikeen kanssa.</p>

<p>Perinteinen vaatekaappi tehty mestariteokseksi.</p>
<p>Laadukasta koivu- ja leppäpuuta ja käsinkäsittely.</p>
<p>Laatikot ja kaapin runko on yhdistetty vahvalla lohenpyrstöliitoksella.</p>
<p>&nbsp;</p>

Väärä taksonomia.

<!-- This site is optimized with the Yoast SEO plugin v27.5 - https://yoast.com/product/yoast-seo-wordpress/ -->
<title>Vaatekaappi Margareta - Marearca</title>
<meta name="robots" content="index, follow, max-snippet:-1, max-image-preview:large, max-video-preview:-1" />
<link rel="canonical" href="https://www.marearca.com/fi/toode/kaappi-6-laatikolla/" />
<meta property="og:locale" content="fi_FI" />
<meta property="og:type" content="article" />
<meta property="og:title" content="Vaatekaappi Margareta - Marearca" />
<meta property="og:description" content="Perinteinen vaatekaappi tehty mestariteokseksi.  Laadukasta koivu- ja leppäpuuta ja käsinkäsittely.  Laatikot ja kaapin runko on yhdistetty vahvalla lohenpyrstöliitoksella.    &nbsp;" />
<meta property="og:url" content="https://www.marearca.com/fi/toode/kaappi-6-laatikolla/" />
<meta property="og:site_name" content="Marearca" />
<meta property="article:publisher" content="https://www.facebook.com/marearca/" />
<meta property="article:modified_time" content="2022-12-31T13:29:37+00:00" />
<meta property="og:image" content="https://www.marearca.com/wp-content/uploads/2014/08/6-sahtliga-kapp.png" />
	<meta property="og:image:width" content="367" />
	<meta property="og:image:height" content="568" />
	<meta property="og:image:type" content="image/png" />
<meta name="twitter:card" content="summary_large_image" />
<meta name="twitter:label1" content="Arvioitu lukuaika" />
	<meta name="twitter:data1" content="1 minuutti" />
<script type="application/ld+json" class="yoast-schema-graph">{"@context":"https:\/\/schema.org","@graph":[{"@type":"WebPage","@id":"https:\/\/www.marearca.com\/fi\/toode\/kaappi-6-laatikolla\/","url":"https:\/\/www.marearca.com\/fi\/toode\/kaappi-6-laatikolla\/","name":"Vaatekaappi Margareta - Marearca","isPartOf":{"@id":"https:\/\/www.marearca.com\/fi\/#website"},"primaryImageOfPage":{"@id":"https:\/\/www.marearca.com\/fi\/toode\/kaappi-6-laatikolla\/#primaryimage"},"image":{"@id":"https:\/\/www.marearca.com\/fi\/toode\/kaappi-6-laatikolla\/#primaryimage"},"thumbnailUrl":"https:\/\/www.marearca.com\/wp-content\/uploads\/2014\/08\/6-sahtliga-kapp.png","datePublished":"2014-08-06T21:05:31+00:00","dateModified":"2022-12-31T13:29:37+00:00","breadcrumb":{"@id":"https:\/\/www.marearca.com\/fi\/toode\/kaappi-6-laatikolla\/#breadcrumb"},"inLanguage":"fi","potentialAction":[{"@type":"ReadAction","target":["https:\/\/www.marearca.com\/fi\/toode\/kaappi-6-laatikolla\/"]}]},{"@type":"ImageObject","inLanguage":"fi","@id":"https:\/\/www.marearca.com\/fi\/toode\/kaappi-6-laatikolla\/#primaryimage","url":"https:\/\/www.marearca.com\/wp-content\/uploads\/2014\/08\/6-sahtliga-kapp.png","contentUrl":"https:\/\/www.marearca.com\/wp-content\/uploads\/2014\/08\/6-sahtliga-kapp.png","width":367,"height":568},{"@type":"BreadcrumbList","@id":"https:\/\/www.marearca.com\/fi\/toode\/kaappi-6-laatikolla\/#breadcrumb","itemListElement":[{"@type":"ListItem","position":1,"name":"Home","item":"https:\/\/www.marearca.com\/fi\/"},{"@type":"ListItem","position":2,"name":"Tuotteet","item":"https:\/\/www.marearca.com\/fi\/tuotteet\/"},{"@type":"ListItem","position":3,"name":"Vaatekaappi Margareta"}]},{"@type":"WebSite","@id":"https:\/\/www.marearca.com\/fi\/#website","url":"https:\/\/www.marearca.com\/fi\/","name":"Marearca","description":"arendus 2020","publisher":{"@id":"https:\/\/www.marearca.com\/fi\/#organization"},"potentialAction":[{"@type":"SearchAction","target":{"@type":"EntryPoint","urlTemplate":"https:\/\/www.marearca.com\/fi\/?s={search_term_string}"},"query-input":{"@type":"PropertyValueSpecification","valueRequired":true,"valueName":"search_term_string"}}],"inLanguage":"fi"},{"@type":"Organization","@id":"https:\/\/www.marearca.com\/fi\/#organization","name":"Marearca","url":"https:\/\/www.marearca.com\/fi\/","logo":{"@type":"ImageObject","inLanguage":"fi","@id":"https:\/\/www.marearca.com\/fi\/#\/schema\/logo\/image\/","url":"https:\/\/www.marearca.com\/wp-content\/uploads\/2021\/09\/site-logo.png","contentUrl":"https:\/\/www.marearca.com\/wp-content\/uploads\/2021\/09\/site-logo.png","width":380,"height":380,"caption":"Marearca"},"image":{"@id":"https:\/\/www.marearca.com\/fi\/#\/schema\/logo\/image\/"},"sameAs":["https:\/\/www.facebook.com\/marearca\/"]}]}</script>
<!-- / Yoast SEO plugin. -->

Perinteinen vaatekaappi tehty mestariteokseksi.  Laadukasta koivu- ja leppäpuuta ja käsinkäsittely.  Laatikot ja kaapin runko on yhdistetty vahvalla lohenpyrstöliitoksella.    &nbsp;
