{"id":1587,"date":"2014-08-12T02:19:26","date_gmt":"2014-08-11T23:19:26","guid":{"rendered":"https:\/\/www.marearca.com\/\/shop\/product\/riidekapp-sahtliteta-2\/"},"modified":"2022-12-31T15:25:24","modified_gmt":"2022-12-31T13:25:24","slug":"puinen-vaatekaappi-asso","status":"publish","type":"product","link":"https:\/\/www.marearca.com\/fi\/toode\/puinen-vaatekaappi-asso\/","title":{"rendered":"Vaatekaappi Asso"},"content":{"rendered":"<div style=\"color: #141412;\">Vaatekaappi on t\u00e4ytt\u00e4 puuta. Valmistettu koivusta ja terv\u00e4lep\u00e4st\u00e4. Maalattu k\u00e4sin, Akzo Nobel konsernin vesiohenteisella maalilla. Maalin s\u00e4vy puhdas valkoinen.<\/div>\n<div style=\"color: #141412;\">Tilauksesta maalaamme my\u00f6s asiakkaan toiveiden mukaan, kuluneen valkoista, eris\u00e4vyill\u00e4, vahalla, \u00f6ljyll\u00e4.<\/p>\n<p>Kaapin sis\u00e4ll\u00e4 on tanko ja alaosassa on yksi hylly.<br \/> Lis\u00e4hyllyj\u00e4 laitamme maksua vastaan.<\/p>\n<p>Maksutapa tilisiirto tai k\u00e4teinen, maksat vasta sitten kun kaappi on toimitettu kotiisi!<\/p>\n<p>Jos et l\u00f6yt\u00e4nyt haluamaasi tuotetta valikoimastamme,<br \/> ota meihin yhteytt\u00e4 ja kerro mink\u00e4laista huonekalua tarvitset.<br \/> Ja me valmistamme juuri sinulle sopiivan tuoteen.<\/p>\n<p>Kaapin hintaan lis\u00e4t\u00e4\u00e4n toimitus asiakan ulko-oveelle asti, hinta ymp\u00e4ri Suomea 90 eur.<\/p>\n<\/div>\n","protected":false},"excerpt":{"rendered":"<p>Perinteinen vaatekaappi tehty mestariteokseksi.<\/p>\n<p>Laadukasta koivu- ja lepp\u00e4puuta ja k\u00e4sink\u00e4sittely.<\/p>\n<p>Laatikot ja kaapin runko on yhdistetty vahvalla lohenpyrst\u00f6liitoksella.<\/p>\n<p>&nbsp;<\/p>\n","protected":false},"featured_media":2170,"template":"","meta":[],"product_brand":[],"product_cat":[171],"product_tag":[],"class_list":{"0":"post-1587","1":"product","2":"type-product","3":"status-publish","4":"has-post-thumbnail","6":"product_cat-vaatekaapit","7":"pa_color-kulutetun-valkoinen","8":"pa_color-naturaalne-puit-fi","9":"pa_color-olitatud-fi","10":"pa_color-peitsitud-fi","11":"pa_color-poolmatt-valge-fi","12":"pa_color-vahatatud-fi","13":"pa_woo-korgus-197-cm","14":"pa_woo-laius-118-cm","15":"pa_woo-sygavus-54-cm","17":"first","18":"instock","19":"purchasable","20":"product-type-simple"},"etheme_brands":{"errors":{"invalid_taxonomy":["V\u00e4\u00e4r\u00e4 taksonomia."]},"error_data":[]},"yoast_head":"<!-- This site is optimized with the Yoast SEO plugin v27.5 - https:\/\/yoast.com\/product\/yoast-seo-wordpress\/ -->\n<title>Vaatekaappi Asso - Marearca<\/title>\n<meta name=\"robots\" content=\"index, follow, max-snippet:-1, max-image-preview:large, max-video-preview:-1\" \/>\n<link rel=\"canonical\" href=\"https:\/\/www.marearca.com\/fi\/toode\/puinen-vaatekaappi-asso\/\" \/>\n<meta property=\"og:locale\" content=\"fi_FI\" \/>\n<meta property=\"og:type\" content=\"article\" \/>\n<meta property=\"og:title\" content=\"Vaatekaappi Asso - Marearca\" \/>\n<meta property=\"og:description\" content=\"Perinteinen vaatekaappi tehty mestariteokseksi.  Laadukasta koivu- ja lepp\u00e4puuta ja k\u00e4sink\u00e4sittely.  Laatikot ja kaapin runko on yhdistetty vahvalla lohenpyrst\u00f6liitoksella.    &nbsp;\" \/>\n<meta property=\"og:url\" content=\"https:\/\/www.marearca.com\/fi\/toode\/puinen-vaatekaappi-asso\/\" \/>\n<meta property=\"og:site_name\" content=\"Marearca\" \/>\n<meta property=\"article:publisher\" content=\"https:\/\/www.facebook.com\/marearca\/\" \/>\n<meta property=\"article:modified_time\" content=\"2022-12-31T13:25:24+00:00\" \/>\n<meta property=\"og:image\" content=\"https:\/\/www.marearca.com\/wp-content\/uploads\/2014\/08\/sahtliteta-kapp11.png\" \/>\n\t<meta property=\"og:image:width\" content=\"386\" \/>\n\t<meta property=\"og:image:height\" content=\"522\" \/>\n\t<meta property=\"og:image:type\" content=\"image\/png\" \/>\n<meta name=\"twitter:card\" content=\"summary_large_image\" \/>\n<meta name=\"twitter:label1\" content=\"Arvioitu lukuaika\" \/>\n\t<meta name=\"twitter:data1\" content=\"1 minuutti\" \/>\n<script type=\"application\/ld+json\" class=\"yoast-schema-graph\">{\"@context\":\"https:\\\/\\\/schema.org\",\"@graph\":[{\"@type\":\"WebPage\",\"@id\":\"https:\\\/\\\/www.marearca.com\\\/fi\\\/toode\\\/puinen-vaatekaappi-asso\\\/\",\"url\":\"https:\\\/\\\/www.marearca.com\\\/fi\\\/toode\\\/puinen-vaatekaappi-asso\\\/\",\"name\":\"Vaatekaappi Asso - Marearca\",\"isPartOf\":{\"@id\":\"https:\\\/\\\/www.marearca.com\\\/fi\\\/#website\"},\"primaryImageOfPage\":{\"@id\":\"https:\\\/\\\/www.marearca.com\\\/fi\\\/toode\\\/puinen-vaatekaappi-asso\\\/#primaryimage\"},\"image\":{\"@id\":\"https:\\\/\\\/www.marearca.com\\\/fi\\\/toode\\\/puinen-vaatekaappi-asso\\\/#primaryimage\"},\"thumbnailUrl\":\"https:\\\/\\\/www.marearca.com\\\/wp-content\\\/uploads\\\/2014\\\/08\\\/sahtliteta-kapp11.png\",\"datePublished\":\"2014-08-11T23:19:26+00:00\",\"dateModified\":\"2022-12-31T13:25:24+00:00\",\"breadcrumb\":{\"@id\":\"https:\\\/\\\/www.marearca.com\\\/fi\\\/toode\\\/puinen-vaatekaappi-asso\\\/#breadcrumb\"},\"inLanguage\":\"fi\",\"potentialAction\":[{\"@type\":\"ReadAction\",\"target\":[\"https:\\\/\\\/www.marearca.com\\\/fi\\\/toode\\\/puinen-vaatekaappi-asso\\\/\"]}]},{\"@type\":\"ImageObject\",\"inLanguage\":\"fi\",\"@id\":\"https:\\\/\\\/www.marearca.com\\\/fi\\\/toode\\\/puinen-vaatekaappi-asso\\\/#primaryimage\",\"url\":\"https:\\\/\\\/www.marearca.com\\\/wp-content\\\/uploads\\\/2014\\\/08\\\/sahtliteta-kapp11.png\",\"contentUrl\":\"https:\\\/\\\/www.marearca.com\\\/wp-content\\\/uploads\\\/2014\\\/08\\\/sahtliteta-kapp11.png\",\"width\":386,\"height\":522,\"caption\":\"Valkoinen puinen liinavaatekaappi\"},{\"@type\":\"BreadcrumbList\",\"@id\":\"https:\\\/\\\/www.marearca.com\\\/fi\\\/toode\\\/puinen-vaatekaappi-asso\\\/#breadcrumb\",\"itemListElement\":[{\"@type\":\"ListItem\",\"position\":1,\"name\":\"Home\",\"item\":\"https:\\\/\\\/www.marearca.com\\\/fi\\\/\"},{\"@type\":\"ListItem\",\"position\":2,\"name\":\"Tuotteet\",\"item\":\"https:\\\/\\\/www.marearca.com\\\/fi\\\/tuotteet\\\/\"},{\"@type\":\"ListItem\",\"position\":3,\"name\":\"Vaatekaappi Asso\"}]},{\"@type\":\"WebSite\",\"@id\":\"https:\\\/\\\/www.marearca.com\\\/fi\\\/#website\",\"url\":\"https:\\\/\\\/www.marearca.com\\\/fi\\\/\",\"name\":\"Marearca\",\"description\":\"arendus 2020\",\"publisher\":{\"@id\":\"https:\\\/\\\/www.marearca.com\\\/fi\\\/#organization\"},\"potentialAction\":[{\"@type\":\"SearchAction\",\"target\":{\"@type\":\"EntryPoint\",\"urlTemplate\":\"https:\\\/\\\/www.marearca.com\\\/fi\\\/?s={search_term_string}\"},\"query-input\":{\"@type\":\"PropertyValueSpecification\",\"valueRequired\":true,\"valueName\":\"search_term_string\"}}],\"inLanguage\":\"fi\"},{\"@type\":\"Organization\",\"@id\":\"https:\\\/\\\/www.marearca.com\\\/fi\\\/#organization\",\"name\":\"Marearca\",\"url\":\"https:\\\/\\\/www.marearca.com\\\/fi\\\/\",\"logo\":{\"@type\":\"ImageObject\",\"inLanguage\":\"fi\",\"@id\":\"https:\\\/\\\/www.marearca.com\\\/fi\\\/#\\\/schema\\\/logo\\\/image\\\/\",\"url\":\"https:\\\/\\\/www.marearca.com\\\/wp-content\\\/uploads\\\/2021\\\/09\\\/site-logo.png\",\"contentUrl\":\"https:\\\/\\\/www.marearca.com\\\/wp-content\\\/uploads\\\/2021\\\/09\\\/site-logo.png\",\"width\":380,\"height\":380,\"caption\":\"Marearca\"},\"image\":{\"@id\":\"https:\\\/\\\/www.marearca.com\\\/fi\\\/#\\\/schema\\\/logo\\\/image\\\/\"},\"sameAs\":[\"https:\\\/\\\/www.facebook.com\\\/marearca\\\/\"]}]}<\/script>\n<!-- \/ Yoast SEO plugin. -->","yoast_head_json":{"title":"Vaatekaappi Asso - Marearca","robots":{"index":"index","follow":"follow","max-snippet":"max-snippet:-1","max-image-preview":"max-image-preview:large","max-video-preview":"max-video-preview:-1"},"canonical":"https:\/\/www.marearca.com\/fi\/toode\/puinen-vaatekaappi-asso\/","og_locale":"fi_FI","og_type":"article","og_title":"Vaatekaappi Asso - Marearca","og_description":"Perinteinen vaatekaappi tehty mestariteokseksi.  Laadukasta koivu- ja lepp\u00e4puuta ja k\u00e4sink\u00e4sittely.  Laatikot ja kaapin runko on yhdistetty vahvalla lohenpyrst\u00f6liitoksella.    &nbsp;","og_url":"https:\/\/www.marearca.com\/fi\/toode\/puinen-vaatekaappi-asso\/","og_site_name":"Marearca","article_publisher":"https:\/\/www.facebook.com\/marearca\/","article_modified_time":"2022-12-31T13:25:24+00:00","og_image":[{"width":386,"height":522,"url":"https:\/\/www.marearca.com\/wp-content\/uploads\/2014\/08\/sahtliteta-kapp11.png","type":"image\/png"}],"twitter_card":"summary_large_image","twitter_misc":{"Arvioitu lukuaika":"1 minuutti"},"schema":{"@context":"https:\/\/schema.org","@graph":[{"@type":"WebPage","@id":"https:\/\/www.marearca.com\/fi\/toode\/puinen-vaatekaappi-asso\/","url":"https:\/\/www.marearca.com\/fi\/toode\/puinen-vaatekaappi-asso\/","name":"Vaatekaappi Asso - Marearca","isPartOf":{"@id":"https:\/\/www.marearca.com\/fi\/#website"},"primaryImageOfPage":{"@id":"https:\/\/www.marearca.com\/fi\/toode\/puinen-vaatekaappi-asso\/#primaryimage"},"image":{"@id":"https:\/\/www.marearca.com\/fi\/toode\/puinen-vaatekaappi-asso\/#primaryimage"},"thumbnailUrl":"https:\/\/www.marearca.com\/wp-content\/uploads\/2014\/08\/sahtliteta-kapp11.png","datePublished":"2014-08-11T23:19:26+00:00","dateModified":"2022-12-31T13:25:24+00:00","breadcrumb":{"@id":"https:\/\/www.marearca.com\/fi\/toode\/puinen-vaatekaappi-asso\/#breadcrumb"},"inLanguage":"fi","potentialAction":[{"@type":"ReadAction","target":["https:\/\/www.marearca.com\/fi\/toode\/puinen-vaatekaappi-asso\/"]}]},{"@type":"ImageObject","inLanguage":"fi","@id":"https:\/\/www.marearca.com\/fi\/toode\/puinen-vaatekaappi-asso\/#primaryimage","url":"https:\/\/www.marearca.com\/wp-content\/uploads\/2014\/08\/sahtliteta-kapp11.png","contentUrl":"https:\/\/www.marearca.com\/wp-content\/uploads\/2014\/08\/sahtliteta-kapp11.png","width":386,"height":522,"caption":"Valkoinen puinen liinavaatekaappi"},{"@type":"BreadcrumbList","@id":"https:\/\/www.marearca.com\/fi\/toode\/puinen-vaatekaappi-asso\/#breadcrumb","itemListElement":[{"@type":"ListItem","position":1,"name":"Home","item":"https:\/\/www.marearca.com\/fi\/"},{"@type":"ListItem","position":2,"name":"Tuotteet","item":"https:\/\/www.marearca.com\/fi\/tuotteet\/"},{"@type":"ListItem","position":3,"name":"Vaatekaappi Asso"}]},{"@type":"WebSite","@id":"https:\/\/www.marearca.com\/fi\/#website","url":"https:\/\/www.marearca.com\/fi\/","name":"Marearca","description":"arendus 2020","publisher":{"@id":"https:\/\/www.marearca.com\/fi\/#organization"},"potentialAction":[{"@type":"SearchAction","target":{"@type":"EntryPoint","urlTemplate":"https:\/\/www.marearca.com\/fi\/?s={search_term_string}"},"query-input":{"@type":"PropertyValueSpecification","valueRequired":true,"valueName":"search_term_string"}}],"inLanguage":"fi"},{"@type":"Organization","@id":"https:\/\/www.marearca.com\/fi\/#organization","name":"Marearca","url":"https:\/\/www.marearca.com\/fi\/","logo":{"@type":"ImageObject","inLanguage":"fi","@id":"https:\/\/www.marearca.com\/fi\/#\/schema\/logo\/image\/","url":"https:\/\/www.marearca.com\/wp-content\/uploads\/2021\/09\/site-logo.png","contentUrl":"https:\/\/www.marearca.com\/wp-content\/uploads\/2021\/09\/site-logo.png","width":380,"height":380,"caption":"Marearca"},"image":{"@id":"https:\/\/www.marearca.com\/fi\/#\/schema\/logo\/image\/"},"sameAs":["https:\/\/www.facebook.com\/marearca\/"]}]}},"_links":{"self":[{"href":"https:\/\/www.marearca.com\/fi\/wp-json\/wp\/v2\/product\/1587","targetHints":{"allow":["GET"]}}],"collection":[{"href":"https:\/\/www.marearca.com\/fi\/wp-json\/wp\/v2\/product"}],"about":[{"href":"https:\/\/www.marearca.com\/fi\/wp-json\/wp\/v2\/types\/product"}],"wp:featuredmedia":[{"embeddable":true,"href":"https:\/\/www.marearca.com\/fi\/wp-json\/wp\/v2\/media\/2170"}],"wp:attachment":[{"href":"https:\/\/www.marearca.com\/fi\/wp-json\/wp\/v2\/media?parent=1587"}],"wp:term":[{"taxonomy":"product_brand","embeddable":true,"href":"https:\/\/www.marearca.com\/fi\/wp-json\/wp\/v2\/product_brand?post=1587"},{"taxonomy":"product_cat","embeddable":true,"href":"https:\/\/www.marearca.com\/fi\/wp-json\/wp\/v2\/product_cat?post=1587"},{"taxonomy":"product_tag","embeddable":true,"href":"https:\/\/www.marearca.com\/fi\/wp-json\/wp\/v2\/product_tag?post=1587"}],"curies":[{"name":"wp","href":"https:\/\/api.w.org\/{rel}","templated":true}]}}

<div style="color: #141412;">Vaatekaappi on täyttä puuta. Valmistettu koivusta ja tervälepästä. Maalattu käsin, Akzo Nobel konsernin vesiohenteisella maalilla. Maalin sävy puhdas valkoinen.</div>
<div style="color: #141412;">Tilauksesta maalaamme myös asiakkaan toiveiden mukaan, kuluneen valkoista, erisävyillä, vahalla, öljyllä.</p>
<p>Kaapin sisällä on tanko ja alaosassa on yksi hylly.<br /> Lisähyllyjä laitamme maksua vastaan.</p>
<p>Maksutapa tilisiirto tai käteinen, maksat vasta sitten kun kaappi on toimitettu kotiisi!</p>
<p>Jos et löytänyt haluamaasi tuotetta valikoimastamme,<br /> ota meihin yhteyttä ja kerro minkälaista huonekalua tarvitset.<br /> Ja me valmistamme juuri sinulle sopiivan tuoteen.</p>
<p>Kaapin hintaan lisätään toimitus asiakan ulko-oveelle asti, hinta ympäri Suomea 90 eur.</p>
</div>

<p>Perinteinen vaatekaappi tehty mestariteokseksi.</p>
<p>Laadukasta koivu- ja leppäpuuta ja käsinkäsittely.</p>
<p>Laatikot ja kaapin runko on yhdistetty vahvalla lohenpyrstöliitoksella.</p>
<p>&nbsp;</p>

Väärä taksonomia.

<!-- This site is optimized with the Yoast SEO plugin v27.5 - https://yoast.com/product/yoast-seo-wordpress/ -->
<title>Vaatekaappi Asso - Marearca</title>
<meta name="robots" content="index, follow, max-snippet:-1, max-image-preview:large, max-video-preview:-1" />
<link rel="canonical" href="https://www.marearca.com/fi/toode/puinen-vaatekaappi-asso/" />
<meta property="og:locale" content="fi_FI" />
<meta property="og:type" content="article" />
<meta property="og:title" content="Vaatekaappi Asso - Marearca" />
<meta property="og:description" content="Perinteinen vaatekaappi tehty mestariteokseksi.  Laadukasta koivu- ja leppäpuuta ja käsinkäsittely.  Laatikot ja kaapin runko on yhdistetty vahvalla lohenpyrstöliitoksella.    &nbsp;" />
<meta property="og:url" content="https://www.marearca.com/fi/toode/puinen-vaatekaappi-asso/" />
<meta property="og:site_name" content="Marearca" />
<meta property="article:publisher" content="https://www.facebook.com/marearca/" />
<meta property="article:modified_time" content="2022-12-31T13:25:24+00:00" />
<meta property="og:image" content="https://www.marearca.com/wp-content/uploads/2014/08/sahtliteta-kapp11.png" />
	<meta property="og:image:width" content="386" />
	<meta property="og:image:height" content="522" />
	<meta property="og:image:type" content="image/png" />
<meta name="twitter:card" content="summary_large_image" />
<meta name="twitter:label1" content="Arvioitu lukuaika" />
	<meta name="twitter:data1" content="1 minuutti" />
<script type="application/ld+json" class="yoast-schema-graph">{"@context":"https:\/\/schema.org","@graph":[{"@type":"WebPage","@id":"https:\/\/www.marearca.com\/fi\/toode\/puinen-vaatekaappi-asso\/","url":"https:\/\/www.marearca.com\/fi\/toode\/puinen-vaatekaappi-asso\/","name":"Vaatekaappi Asso - Marearca","isPartOf":{"@id":"https:\/\/www.marearca.com\/fi\/#website"},"primaryImageOfPage":{"@id":"https:\/\/www.marearca.com\/fi\/toode\/puinen-vaatekaappi-asso\/#primaryimage"},"image":{"@id":"https:\/\/www.marearca.com\/fi\/toode\/puinen-vaatekaappi-asso\/#primaryimage"},"thumbnailUrl":"https:\/\/www.marearca.com\/wp-content\/uploads\/2014\/08\/sahtliteta-kapp11.png","datePublished":"2014-08-11T23:19:26+00:00","dateModified":"2022-12-31T13:25:24+00:00","breadcrumb":{"@id":"https:\/\/www.marearca.com\/fi\/toode\/puinen-vaatekaappi-asso\/#breadcrumb"},"inLanguage":"fi","potentialAction":[{"@type":"ReadAction","target":["https:\/\/www.marearca.com\/fi\/toode\/puinen-vaatekaappi-asso\/"]}]},{"@type":"ImageObject","inLanguage":"fi","@id":"https:\/\/www.marearca.com\/fi\/toode\/puinen-vaatekaappi-asso\/#primaryimage","url":"https:\/\/www.marearca.com\/wp-content\/uploads\/2014\/08\/sahtliteta-kapp11.png","contentUrl":"https:\/\/www.marearca.com\/wp-content\/uploads\/2014\/08\/sahtliteta-kapp11.png","width":386,"height":522,"caption":"Valkoinen puinen liinavaatekaappi"},{"@type":"BreadcrumbList","@id":"https:\/\/www.marearca.com\/fi\/toode\/puinen-vaatekaappi-asso\/#breadcrumb","itemListElement":[{"@type":"ListItem","position":1,"name":"Home","item":"https:\/\/www.marearca.com\/fi\/"},{"@type":"ListItem","position":2,"name":"Tuotteet","item":"https:\/\/www.marearca.com\/fi\/tuotteet\/"},{"@type":"ListItem","position":3,"name":"Vaatekaappi Asso"}]},{"@type":"WebSite","@id":"https:\/\/www.marearca.com\/fi\/#website","url":"https:\/\/www.marearca.com\/fi\/","name":"Marearca","description":"arendus 2020","publisher":{"@id":"https:\/\/www.marearca.com\/fi\/#organization"},"potentialAction":[{"@type":"SearchAction","target":{"@type":"EntryPoint","urlTemplate":"https:\/\/www.marearca.com\/fi\/?s={search_term_string}"},"query-input":{"@type":"PropertyValueSpecification","valueRequired":true,"valueName":"search_term_string"}}],"inLanguage":"fi"},{"@type":"Organization","@id":"https:\/\/www.marearca.com\/fi\/#organization","name":"Marearca","url":"https:\/\/www.marearca.com\/fi\/","logo":{"@type":"ImageObject","inLanguage":"fi","@id":"https:\/\/www.marearca.com\/fi\/#\/schema\/logo\/image\/","url":"https:\/\/www.marearca.com\/wp-content\/uploads\/2021\/09\/site-logo.png","contentUrl":"https:\/\/www.marearca.com\/wp-content\/uploads\/2021\/09\/site-logo.png","width":380,"height":380,"caption":"Marearca"},"image":{"@id":"https:\/\/www.marearca.com\/fi\/#\/schema\/logo\/image\/"},"sameAs":["https:\/\/www.facebook.com\/marearca\/"]}]}</script>
<!-- / Yoast SEO plugin. -->

Perinteinen vaatekaappi tehty mestariteokseksi.  Laadukasta koivu- ja leppäpuuta ja käsinkäsittely.  Laatikot ja kaapin runko on yhdistetty vahvalla lohenpyrstöliitoksella.    &nbsp;
